{"id":116,"date":"2020-12-10T20:43:37","date_gmt":"2020-12-10T18:43:37","guid":{"rendered":"http:\/\/terremonde.hypotheses.org\/?page_id=116"},"modified":"2024-04-11T14:13:48","modified_gmt":"2024-04-11T14:13:48","slug":"qui-sommes-nous-2","status":"publish","type":"page","link":"https:\/\/terremonde.org\/","title":{"rendered":"Qui sommes-nous?"},"content":{"rendered":"\n<figure class=\"wp-block-embed is-type-video is-provider-youtube wp-block-embed-youtube wp-embed-aspect-16-9 wp-has-aspect-ratio\"><div class=\"wp-block-embed__wrapper\">\n<div class=\"ast-oembed-container \" style=\"height: 100%;\"><iframe loading=\"lazy\" title=\"Manifeste de l&#039;Observatoire Terre Monde\" width=\"500\" height=\"281\" src=\"https:\/\/www.youtube.com\/embed\/PKaReubJYpU?feature=oembed\" frameborder=\"0\" allow=\"accelerometer; autoplay; clipboard-write; encrypted-media; gyroscope; picture-in-picture; web-share\" referrerpolicy=\"strict-origin-when-cross-origin\" allowfullscreen><\/iframe><\/div>\n<\/div><\/figure>\n\n\n\n<p><\/p>\n\n\n\n<p>L\u2019Observatoire Terre-Monde est n\u00e9 d\u2019une volont\u00e9 partag\u00e9e de mettre en lumi\u00e8re la diversit\u00e9 des enjeux \u00e9cologiques inh\u00e9rents aux territoires dits \u00ab d\u2019Outre-mer \u00bb. \u00c0 l\u2019heure o\u00f9 l\u2019imp\u00e9ratif \u00e9cologique nous enjoint \u00e0 repenser collectivement nos mani\u00e8res d\u2019habiter la Terre et de vivre-ensemble, l\u2019Observatoire a pour vocation de constituer un lieu d\u2019\u00e9tude, d&#8217;actions et de diffusion  de recherches et de connaissances autour des enjeux \u00e9cologiques inh\u00e9rents aux territoires \u00ab d\u2019Outre-mer \u00bb et leurs proches r\u00e9gions. Les activit\u00e9s de l\u2019association s\u2019articulent aujourd\u2019hui autour de cinq p\u00f4les th\u00e9matiques qui attestent des engagements qui sont les n\u00f4tres: la recherche ; la documentation ; l&#8217;\u00e9ducation ; la veille ; et le plaidoyer. \u00c0 travers ces actions, nous souhaitons contribuer \u00e0 instaurer un monde commun, respectueux des droits fondamentaux et dignit\u00e9s des \u00eatres humains tout autant que ceux des non-humains et des \u00e9cosyst\u00e8mes de la Terre.<\/p>\n\n\n\n<figure class=\"wp-block-audio\"><audio controls src=\"http:\/\/terremonde.org\/wp-content\/uploads\/2020\/12\/17-Merci-Bon-Dieu.mp3\"><\/audio><\/figure>\n\n\n\n<p><\/p>\n\n\n<div class='pt-cv-wrapper'> <h3 class='pt-cv-heading-container heading1' data-blockid='47qd7q0j'><span class='pt-cv-heading'> Grid <\/span><\/h3><div class=\"pt-cv-view pt-cv-blockgrid iscvblock iscvreal grid1 layout1 cveffect-darken\" id=\"pt-cv-view-47qd7q0j\"><div data-id=\"pt-cv-page-1\" class=\"pt-cv-page\" data-cvc=\"3\"><div class=\" pt-cv-content-item pt-cv-1-col\" ><div class=\"pt-cv-taxoterm above_title\"><a href='https:\/\/terremonde.org\/?cat=10' title='Ev\u00e8nements' class='pt-cv-tax-evenements'>Ev\u00e8nements<\/a><\/div>\n<h4 class=\"pt-cv-title\"><a href=\"https:\/\/terremonde.org\/?p=1675\" class=\"_self\" target=\"_self\" >EVENTO | 8 HEURES POUR LES OUTRE-MER<\/a><\/h4>\n<div class=\"pt-cv-content\">EVENTO | 8 HEURES POUR LES OUTRE-MER L\u2019Observatoire Terre Monde organise un \u00e9v\u00e9nement public destin\u00e9 \u00e0 la mobilisation ultramarine contre &#8230;<\/div>\n<div class=\"pt-cv-rmwrap\"><a href=\"https:\/\/terremonde.org\/?p=1675\" class=\"_self pt-cv-readmore btn btn-success\" target=\"_self\" >Lire<\/a><\/div><\/div>\n<div class=\" pt-cv-content-item pt-cv-1-col\" ><div class=\"pt-cv-taxoterm above_title\"><a href='https:\/\/terremonde.org\/?cat=1' title='Uncategorized' class='pt-cv-tax-uncategorized'>Uncategorized<\/a><\/div>\n<h4 class=\"pt-cv-title\"><a href=\"https:\/\/terremonde.org\/?p=1672\" class=\"_self\" target=\"_self\" >Appel aux peuples d&#8217;outre-mer : Saisissons nous des \u00e9lections l\u00e9gislatives, contre le fascisme et pour la paix<\/a><\/h4>\n<div class=\"pt-cv-content\">Peuples d\u2019outre-mer, Le dimanche 09 juin 2024, le pr\u00e9sident de la R\u00e9publique annon\u00e7ait la dissolution de l&#8217;Assembl\u00e9e nationale, suite \u00e0 &#8230;<\/div>\n<div class=\"pt-cv-rmwrap\"><a href=\"https:\/\/terremonde.org\/?p=1672\" class=\"_self pt-cv-readmore btn btn-success\" target=\"_self\" >Lire<\/a><\/div><\/div>\n<div class=\" pt-cv-content-item pt-cv-1-col\" ><div class=\"pt-cv-taxoterm above_title\"><a href='https:\/\/terremonde.org\/?cat=10' title='Ev\u00e8nements' class='pt-cv-tax-evenements'>Ev\u00e8nements<\/a><\/div>\n<h4 class=\"pt-cv-title\"><a href=\"https:\/\/terremonde.org\/?p=1663\" class=\"_self\" target=\"_self\" >EVENTO Guadeloupe &#8211; Karukera<\/a><\/h4>\n<div class=\"pt-cv-content\">Penser l&#8217;\u00e9cologie d\u00e9coloniale depuis la Guadeloupe L&#8217;Observatoire Terre-Monde est ravi de vous accueillir ce Mercredi 15 Mai de 18h30 \u00e0 &#8230;<\/div>\n<div class=\"pt-cv-rmwrap\"><a href=\"https:\/\/terremonde.org\/?p=1663\" class=\"_self pt-cv-readmore btn btn-success\" target=\"_self\" >Lire<\/a><\/div><\/div>\n<div class=\" pt-cv-content-item pt-cv-1-col\" ><div class=\"pt-cv-taxoterm above_title\"><a href='https:\/\/terremonde.org\/?cat=1' title='Uncategorized' class='pt-cv-tax-uncategorized'>Uncategorized<\/a><\/div>\n<h4 class=\"pt-cv-title\"><a href=\"https:\/\/terremonde.org\/?p=1159\" class=\"_self\" target=\"_self\" >Pr\u00e9sentation du num\u00e9ro de la revue \u00c9cologie &amp; Politique consacr\u00e9 aux \u00e9cologies politiques depuis les Outre-mer<\/a><\/h4>\n<div class=\"pt-cv-content\">Sommaire: Aux fronti\u00e8res de l\u2019imaginaire politique de la nation, les Outre-mer et leurs habitants sont aussi aux marges des conceptualisations &#8230;<\/div>\n<div class=\"pt-cv-rmwrap\"><a href=\"https:\/\/terremonde.org\/?p=1159\" class=\"_self pt-cv-readmore btn btn-success\" target=\"_self\" >Lire<\/a><\/div><\/div>\n<div class=\" pt-cv-content-item pt-cv-1-col\" ><div class=\"pt-cv-taxoterm above_title\"><a href='https:\/\/terremonde.org\/?cat=7' title='Offres de poste' class='pt-cv-tax-offres-de-poste'>Offres de poste<\/a><\/div>\n<h4 class=\"pt-cv-title\"><a href=\"https:\/\/terremonde.org\/?p=1129\" class=\"_self\" target=\"_self\" >Service civique environnement \u00e0 la R\u00e9union<\/a><\/h4>\n<div class=\"pt-cv-content\">Participer \u00e0 l\u2019animation de politiques et d\u2019actions environnementales. (service-civique.gouv.fr) Participer \u00e0 l&#8217;animation des politiques publiques en mati\u00e8re d&#8217;esp\u00e8ces exotiques envahissantes &#8230;<\/div>\n<div class=\"pt-cv-rmwrap\"><a href=\"https:\/\/terremonde.org\/?p=1129\" class=\"_self pt-cv-readmore btn btn-success\" target=\"_self\" >Lire<\/a><\/div><\/div>\n<div class=\" pt-cv-content-item pt-cv-1-col\" ><div class=\"pt-cv-taxoterm above_title\"><a href='https:\/\/terremonde.org\/?cat=7' title='Offres de poste' class='pt-cv-tax-offres-de-poste'>Offres de poste<\/a><\/div>\n<h4 class=\"pt-cv-title\"><a href=\"https:\/\/terremonde.org\/?p=1080\" class=\"_self\" target=\"_self\" >Contrat postdoctoral CNRS de 11 mois: Circulation des plantes en contexte migratoire.<\/a><\/h4>\n<div class=\"pt-cv-content\">Dans le cadre du projet Emergence(s) Ville de Paris EXORIGINS, nous proposons un contrat postdoctoral CNRS de 11 mois sur &#8230;<\/div>\n<div class=\"pt-cv-rmwrap\"><a href=\"https:\/\/terremonde.org\/?p=1080\" class=\"_self pt-cv-readmore btn btn-success\" target=\"_self\" >Lire<\/a><\/div><\/div><\/div><\/div> <\/div> <style>\n\n#pt-cv-view-47qd7q0j .pt-cv-meta-fields {  }#pt-cv-view-47qd7q0j .pt-cv-meta-fields * { font-size: 13px; }#pt-cv-view-47qd7q0j .pt-cv-thumb-wrapper:not(.miniwrap) {  }#pt-cv-view-47qd7q0j .pt-cv-thumbnail:not(.pt-cv-thumbnailsm) { height: 250px; }#pt-cv-view-47qd7q0j .pt-cv-title a { display: block;color: var(--ast-global-color-0); }#pt-cv-view-47qd7q0j .pt-cv-title:not(.pt-cv-titlesm) a { font-weight: 600;text-decoration: none;font-size: 20px; }#pt-cv-view-47qd7q0j .pt-cv-titlesm a { font-weight: 600;font-size: 18px; }#pt-cv-view-47qd7q0j .pt-cv-content { font-size: 15px; }#pt-cv-view-47qd7q0j .pt-cv-rmwrap { text-align: left; }#pt-cv-view-47qd7q0j .pt-cv-readmore { color: #fff;background-color: var(--ast-global-color-0);font-size: 14px; }#pt-cv-view-47qd7q0j .pt-cv-taxoterm {  }#pt-cv-view-47qd7q0j .pt-cv-taxoterm * { color: #222;background-color: #fff6f6;font-size: 14px; }#pt-cv-view-47qd7q0j + .pt-cv-pagination-wrapper {  }#pt-cv-view-47qd7q0j + .pt-cv-pagination-wrapper a { font-size: 14px; }#pt-cv-view-47qd7q0j > .pt-cv-page {grid-template-columns: repeat(3, 1fr);grid-gap: 20px;}#pt-cv-view-47qd7q0j .pt-cv-title a:hover { color: #cf2e2e; }#pt-cv-view-47qd7q0j .pt-cv-title:not(.pt-cv-titlesm) a:hover {  }#pt-cv-view-47qd7q0j .pt-cv-rmwrap:hover {  }#pt-cv-view-47qd7q0j .pt-cv-readmore:hover { color: var(--ast-global-color-5);background-color: #cf2e2e; }\n@media all and (max-width: 1024px) { \n#pt-cv-view-47qd7q0j > .pt-cv-page {}\n} \n@media all and (max-width: 767px) { \n#pt-cv-view-47qd7q0j > .pt-cv-page {grid-template-columns: repeat(1, 1fr);}\n} <\/style>\n\n\n<div class=\"wp-block-buttons alignwide is-content-justification-center is-layout-flex wp-container-core-buttons-is-layout-1 wp-block-buttons-is-layout-flex\">\n<div class=\"wp-block-button has-custom-font-size is-style-fill has-large-font-size\"><a class=\"wp-block-button__link has-text-align-center wp-element-button\" href=\"https:\/\/www.helloasso.com\/associations\/observatoire-terre-monde-centre-d-etudes-des-ecologies-politiques-des-outre-mer-et-proches-regions\/formulaires\/1\" rel=\"https:\/\/www.helloasso.com\/associations\/observatoire-terre-monde-centre-d-etudes-des-ecologies-politiques-des-outre-mer-et-proches-regions\/formulaires\/1\">Faire un don <\/a><\/div>\n<\/div>\n","protected":false},"excerpt":{"rendered":"<p>L\u2019Observatoire Terre-Monde est n\u00e9 d\u2019une volont\u00e9 partag\u00e9e de mettre en lumi\u00e8re la diversit\u00e9 des enjeux \u00e9cologiques inh\u00e9rents aux territoires dits \u00ab d\u2019Outre-mer \u00bb. \u00c0 l\u2019heure o\u00f9 l\u2019imp\u00e9ratif \u00e9cologique nous enjoint \u00e0 repenser collectivement nos mani\u00e8res d\u2019habiter la Terre et de vivre-ensemble, l\u2019Observatoire a pour vocation de constituer un lieu d\u2019\u00e9tude, d&#8217;actions et de diffusion de [&hellip;]<\/p>\n","protected":false},"author":1,"featured_media":0,"parent":0,"menu_order":37,"comment_status":"closed","ping_status":"closed","template":"","meta":{"om_disable_all_campaigns":false,"_monsterinsights_skip_tracking":false,"_monsterinsights_sitenote_active":false,"_monsterinsights_sitenote_note":"","_monsterinsights_sitenote_category":0,"site-sidebar-layout":"default","site-content-layout":"","ast-site-content-layout":"default","site-content-style":"default","site-sidebar-style":"default","ast-global-header-display":"","ast-banner-title-visibility":"","ast-main-header-display":"","ast-hfb-above-header-display":"","ast-hfb-below-header-display":"","ast-hfb-mobile-header-display":"","site-post-title":"","ast-breadcrumbs-content":"","ast-featured-img":"","footer-sml-layout":"","theme-transparent-header-meta":"","adv-header-id-meta":"","stick-header-meta":"","header-above-stick-meta":"","header-main-stick-meta":"","header-below-stick-meta":"","astra-migrate-meta-layouts":"set","ast-page-background-enabled":"default","ast-page-background-meta":{"desktop":{"background-color":"var(--ast-global-color-4)","background-image":"","background-repeat":"repeat","background-position":"center center","background-size":"auto","background-attachment":"scroll","background-type":"","background-media":"","overlay-type":"","overlay-color":"","overlay-opacity":"","overlay-gradient":""},"tablet":{"background-color":"","background-image":"","background-repeat":"repeat","background-position":"center center","background-size":"auto","background-attachment":"scroll","background-type":"","background-media":"","overlay-type":"","overlay-color":"","overlay-opacity":"","overlay-gradient":""},"mobile":{"background-color":"","background-image":"","background-repeat":"repeat","background-position":"center center","background-size":"auto","background-attachment":"scroll","background-type":"","background-media":"","overlay-type":"","overlay-color":"","overlay-opacity":"","overlay-gradient":""}},"ast-content-background-meta":{"desktop":{"background-color":"var(--ast-global-color-5)","background-image":"","background-repeat":"repeat","background-position":"center center","background-size":"auto","background-attachment":"scroll","background-type":"","background-media":"","overlay-type":"","overlay-color":"","overlay-opacity":"","overlay-gradient":""},"tablet":{"background-color":"var(--ast-global-color-5)","background-image":"","background-repeat":"repeat","background-position":"center center","background-size":"auto","background-attachment":"scroll","background-type":"","background-media":"","overlay-type":"","overlay-color":"","overlay-opacity":"","overlay-gradient":""},"mobile":{"background-color":"var(--ast-global-color-5)","background-image":"","background-repeat":"repeat","background-position":"center center","background-size":"auto","background-attachment":"scroll","background-type":"","background-media":"","overlay-type":"","overlay-color":"","overlay-opacity":"","overlay-gradient":""}},"footnotes":""},"aioseo_notices":[],"_links":{"self":[{"href":"https:\/\/terremonde.org\/index.php?rest_route=\/wp\/v2\/pages\/116"}],"collection":[{"href":"https:\/\/terremonde.org\/index.php?rest_route=\/wp\/v2\/pages"}],"about":[{"href":"https:\/\/terremonde.org\/index.php?rest_route=\/wp\/v2\/types\/page"}],"author":[{"embeddable":true,"href":"https:\/\/terremonde.org\/index.php?rest_route=\/wp\/v2\/users\/1"}],"replies":[{"embeddable":true,"href":"https:\/\/terremonde.org\/index.php?rest_route=%2Fwp%2Fv2%2Fcomments&post=116"}],"version-history":[{"count":11,"href":"https:\/\/terremonde.org\/index.php?rest_route=\/wp\/v2\/pages\/116\/revisions"}],"predecessor-version":[{"id":1642,"href":"https:\/\/terremonde.org\/index.php?rest_route=\/wp\/v2\/pages\/116\/revisions\/1642"}],"wp:attachment":[{"href":"https:\/\/terremonde.org\/index.php?rest_route=%2Fwp%2Fv2%2Fmedia&parent=116"}],"curies":[{"name":"wp","href":"https:\/\/api.w.org\/{rel}","templated":true}]}}

<figure class="wp-block-embed is-type-video is-provider-youtube wp-block-embed-youtube wp-embed-aspect-16-9 wp-has-aspect-ratio"><div class="wp-block-embed__wrapper">
<div class="ast-oembed-container " style="height: 100%;"><iframe loading="lazy" title="Manifeste de l&#039;Observatoire Terre Monde" width="500" height="281" src="https://www.youtube.com/embed/PKaReubJYpU?feature=oembed" frameborder="0" allow="accelerometer; autoplay; clipboard-write; encrypted-media; gyroscope; picture-in-picture; web-share" referrerpolicy="strict-origin-when-cross-origin" allowfullscreen></iframe></div>
</div></figure>



<p></p>



<p>L’Observatoire Terre-Monde est né d’une volonté partagée de mettre en lumière la diversité des enjeux écologiques inhérents aux territoires dits « d’Outre-mer ». À l’heure où l’impératif écologique nous enjoint à repenser collectivement nos manières d’habiter la Terre et de vivre-ensemble, l’Observatoire a pour vocation de constituer un lieu d’étude, d&#8217;actions et de diffusion  de recherches et de connaissances autour des enjeux écologiques inhérents aux territoires « d’Outre-mer » et leurs proches régions. Les activités de l’association s’articulent aujourd’hui autour de cinq pôles thématiques qui attestent des engagements qui sont les nôtres: la recherche ; la documentation ; l&#8217;éducation ; la veille ; et le plaidoyer. À travers ces actions, nous souhaitons contribuer à instaurer un monde commun, respectueux des droits fondamentaux et dignités des êtres humains tout autant que ceux des non-humains et des écosystèmes de la Terre.</p>



<figure class="wp-block-audio"><audio controls src="http://terremonde.org/wp-content/uploads/2020/12/17-Merci-Bon-Dieu.mp3"></audio></figure>



<p></p>


<div class='pt-cv-wrapper'> <h3 class='pt-cv-heading-container heading1' data-blockid='47qd7q0j'><span class='pt-cv-heading'> Grid </span></h3><div class="pt-cv-view pt-cv-blockgrid iscvblock iscvreal grid1 layout1 cveffect-darken" id="pt-cv-view-47qd7q0j"><div data-id="pt-cv-page-1" class="pt-cv-page" data-cvc="3"><div class=" pt-cv-content-item pt-cv-1-col" ><div class="pt-cv-taxoterm above_title"><a href='https://terremonde.org/?cat=10' title='Evènements' class='pt-cv-tax-evenements'>Evènements</a></div>
<h4 class="pt-cv-title"><a href="https://terremonde.org/?p=1675" class="_self" target="_self" >EVENTO | 8 HEURES POUR LES OUTRE-MER</a></h4>
<div class="pt-cv-content">EVENTO | 8 HEURES POUR LES OUTRE-MER L’Observatoire Terre Monde organise un événement public destiné à la mobilisation ultramarine contre &#8230;</div>
<div class="pt-cv-rmwrap"><a href="https://terremonde.org/?p=1675" class="_self pt-cv-readmore btn btn-success" target="_self" >Lire</a></div></div>
<div class=" pt-cv-content-item pt-cv-1-col" ><div class="pt-cv-taxoterm above_title"><a href='https://terremonde.org/?cat=1' title='Uncategorized' class='pt-cv-tax-uncategorized'>Uncategorized</a></div>
<h4 class="pt-cv-title"><a href="https://terremonde.org/?p=1672" class="_self" target="_self" >Appel aux peuples d&#8217;outre-mer : Saisissons nous des élections législatives, contre le fascisme et pour la paix</a></h4>
<div class="pt-cv-content">Peuples d’outre-mer, Le dimanche 09 juin 2024, le président de la République annonçait la dissolution de l&#8217;Assemblée nationale, suite à &#8230;</div>
<div class="pt-cv-rmwrap"><a href="https://terremonde.org/?p=1672" class="_self pt-cv-readmore btn btn-success" target="_self" >Lire</a></div></div>
<div class=" pt-cv-content-item pt-cv-1-col" ><div class="pt-cv-taxoterm above_title"><a href='https://terremonde.org/?cat=10' title='Evènements' class='pt-cv-tax-evenements'>Evènements</a></div>
<h4 class="pt-cv-title"><a href="https://terremonde.org/?p=1663" class="_self" target="_self" >EVENTO Guadeloupe &#8211; Karukera</a></h4>
<div class="pt-cv-content">Penser l&#8217;écologie décoloniale depuis la Guadeloupe L&#8217;Observatoire Terre-Monde est ravi de vous accueillir ce Mercredi 15 Mai de 18h30 à &#8230;</div>
<div class="pt-cv-rmwrap"><a href="https://terremonde.org/?p=1663" class="_self pt-cv-readmore btn btn-success" target="_self" >Lire</a></div></div>
<div class=" pt-cv-content-item pt-cv-1-col" ><div class="pt-cv-taxoterm above_title"><a href='https://terremonde.org/?cat=1' title='Uncategorized' class='pt-cv-tax-uncategorized'>Uncategorized</a></div>
<h4 class="pt-cv-title"><a href="https://terremonde.org/?p=1159" class="_self" target="_self" >Présentation du numéro de la revue Écologie &amp; Politique consacré aux écologies politiques depuis les Outre-mer</a></h4>
<div class="pt-cv-content">Sommaire: Aux frontières de l’imaginaire politique de la nation, les Outre-mer et leurs habitants sont aussi aux marges des conceptualisations &#8230;</div>
<div class="pt-cv-rmwrap"><a href="https://terremonde.org/?p=1159" class="_self pt-cv-readmore btn btn-success" target="_self" >Lire</a></div></div>
<div class=" pt-cv-content-item pt-cv-1-col" ><div class="pt-cv-taxoterm above_title"><a href='https://terremonde.org/?cat=7' title='Offres de poste' class='pt-cv-tax-offres-de-poste'>Offres de poste</a></div>
<h4 class="pt-cv-title"><a href="https://terremonde.org/?p=1129" class="_self" target="_self" >Service civique environnement à la Réunion</a></h4>
<div class="pt-cv-content">Participer à l’animation de politiques et d’actions environnementales. (service-civique.gouv.fr) Participer à l&#8217;animation des politiques publiques en matière d&#8217;espèces exotiques envahissantes &#8230;</div>
<div class="pt-cv-rmwrap"><a href="https://terremonde.org/?p=1129" class="_self pt-cv-readmore btn btn-success" target="_self" >Lire</a></div></div>
<div class=" pt-cv-content-item pt-cv-1-col" ><div class="pt-cv-taxoterm above_title"><a href='https://terremonde.org/?cat=7' title='Offres de poste' class='pt-cv-tax-offres-de-poste'>Offres de poste</a></div>
<h4 class="pt-cv-title"><a href="https://terremonde.org/?p=1080" class="_self" target="_self" >Contrat postdoctoral CNRS de 11 mois: Circulation des plantes en contexte migratoire.</a></h4>
<div class="pt-cv-content">Dans le cadre du projet Emergence(s) Ville de Paris EXORIGINS, nous proposons un contrat postdoctoral CNRS de 11 mois sur &#8230;</div>
<div class="pt-cv-rmwrap"><a href="https://terremonde.org/?p=1080" class="_self pt-cv-readmore btn btn-success" target="_self" >Lire</a></div></div></div></div> </div> <style>

#pt-cv-view-47qd7q0j .pt-cv-meta-fields {  }#pt-cv-view-47qd7q0j .pt-cv-meta-fields * { font-size: 13px; }#pt-cv-view-47qd7q0j .pt-cv-thumb-wrapper:not(.miniwrap) {  }#pt-cv-view-47qd7q0j .pt-cv-thumbnail:not(.pt-cv-thumbnailsm) { height: 250px; }#pt-cv-view-47qd7q0j .pt-cv-title a { display: block;color: var(--ast-global-color-0); }#pt-cv-view-47qd7q0j .pt-cv-title:not(.pt-cv-titlesm) a { font-weight: 600;text-decoration: none;font-size: 20px; }#pt-cv-view-47qd7q0j .pt-cv-titlesm a { font-weight: 600;font-size: 18px; }#pt-cv-view-47qd7q0j .pt-cv-content { font-size: 15px; }#pt-cv-view-47qd7q0j .pt-cv-rmwrap { text-align: left; }#pt-cv-view-47qd7q0j .pt-cv-readmore { color: #fff;background-color: var(--ast-global-color-0);font-size: 14px; }#pt-cv-view-47qd7q0j .pt-cv-taxoterm {  }#pt-cv-view-47qd7q0j .pt-cv-taxoterm * { color: #222;background-color: #fff6f6;font-size: 14px; }#pt-cv-view-47qd7q0j + .pt-cv-pagination-wrapper {  }#pt-cv-view-47qd7q0j + .pt-cv-pagination-wrapper a { font-size: 14px; }#pt-cv-view-47qd7q0j > .pt-cv-page {grid-template-columns: repeat(3, 1fr);grid-gap: 20px;}#pt-cv-view-47qd7q0j .pt-cv-title a:hover { color: #cf2e2e; }#pt-cv-view-47qd7q0j .pt-cv-title:not(.pt-cv-titlesm) a:hover {  }#pt-cv-view-47qd7q0j .pt-cv-rmwrap:hover {  }#pt-cv-view-47qd7q0j .pt-cv-readmore:hover { color: var(--ast-global-color-5);background-color: #cf2e2e; }
@media all and (max-width: 1024px) { 
#pt-cv-view-47qd7q0j > .pt-cv-page {}
} 
@media all and (max-width: 767px) { 
#pt-cv-view-47qd7q0j > .pt-cv-page {grid-template-columns: repeat(1, 1fr);}
} </style>


<div class="wp-block-buttons alignwide is-content-justification-center is-layout-flex wp-container-core-buttons-is-layout-1 wp-block-buttons-is-layout-flex">
<div class="wp-block-button has-custom-font-size is-style-fill has-large-font-size"><a class="wp-block-button__link has-text-align-center wp-element-button" href="https://www.helloasso.com/associations/observatoire-terre-monde-centre-d-etudes-des-ecologies-politiques-des-outre-mer-et-proches-regions/formulaires/1" rel="https://www.helloasso.com/associations/observatoire-terre-monde-centre-d-etudes-des-ecologies-politiques-des-outre-mer-et-proches-regions/formulaires/1">Faire un don </a></div>
</div>

<p>L’Observatoire Terre-Monde est né d’une volonté partagée de mettre en lumière la diversité des enjeux écologiques inhérents aux territoires dits « d’Outre-mer ». À l’heure où l’impératif écologique nous enjoint à repenser collectivement nos manières d’habiter la Terre et de vivre-ensemble, l’Observatoire a pour vocation de constituer un lieu d’étude, d&#8217;actions et de diffusion de [&hellip;]</p>
