{"id":1283,"date":"2022-08-14T15:07:37","date_gmt":"2022-08-14T15:07:37","guid":{"rendered":"https:\/\/terremonde.org\/?page_id=1283"},"modified":"2022-08-15T06:33:04","modified_gmt":"2022-08-15T06:33:04","slug":"21-mai-2021-savoirs-autochtones-biopiraterie-seance-reportee-a-lannee-prochaine","status":"publish","type":"page","link":"https:\/\/terremonde.org\/?page_id=1283","title":{"rendered":"21 mai 2021 : Savoirs autochtones &#038; biopiraterie (s\u00e9ance report\u00e9e \u00e0 l\u2019ann\u00e9e prochaine)"},"content":{"rendered":"\n<p>-&gt;Samir Boumediene (CNRS \u2013 IHRIM \u2013 ENS Lyon)<br>Colonisation du savoir et usages des plantes<br>-&gt; Deuxi\u00e8me intervenant.e \u00e0 confirmer<br><em>Universit\u00e9 Paris Nanterre, de 17h15 \u00e0 19h15, b\u00e2timent Max Weber, salle et horaire \u00e0 confirmer.<\/em><\/p>\n\n\n\n<p><\/p>\n","protected":false},"excerpt":{"rendered":"<p>-&gt;Samir Boumediene (CNRS \u2013 IHRIM \u2013 ENS Lyon)Colonisation du savoir et usages des plantes-&gt; Deuxi\u00e8me intervenant.e \u00e0 confirmerUniversit\u00e9 Paris Nanterre, de 17h15 \u00e0 19h15, b\u00e2timent Max Weber, salle et horaire \u00e0 confirmer.<\/p>\n","protected":false},"author":1,"featured_media":0,"parent":0,"menu_order":22,"comment_status":"closed","ping_status":"closed","template":"","meta":{"om_disable_all_campaigns":false,"_monsterinsights_skip_tracking":false,"_monsterinsights_sitenote_active":false,"_monsterinsights_sitenote_note":"","_monsterinsights_sitenote_category":0,"site-sidebar-layout":"default","site-content-layout":"","ast-site-content-layout":"","site-content-style":"default","site-sidebar-style":"default","ast-global-header-display":"","ast-banner-title-visibility":"","ast-main-header-display":"","ast-hfb-above-header-display":"","ast-hfb-below-header-display":"","ast-hfb-mobile-header-display":"","site-post-title":"","ast-breadcrumbs-content":"","ast-featured-img":"","footer-sml-layout":"","theme-transparent-header-meta":"","adv-header-id-meta":"","stick-header-meta":"","header-above-stick-meta":"","header-main-stick-meta":"","header-below-stick-meta":"","astra-migrate-meta-layouts":"default","ast-page-background-enabled":"default","ast-page-background-meta":{"desktop":{"background-color":"var(--ast-global-color-4)","background-image":"","background-repeat":"repeat","background-position":"center center","background-size":"auto","background-attachment":"scroll","background-type":"","background-media":"","overlay-type":"","overlay-color":"","overlay-opacity":"","overlay-gradient":""},"tablet":{"background-color":"","background-image":"","background-repeat":"repeat","background-position":"center center","background-size":"auto","background-attachment":"scroll","background-type":"","background-media":"","overlay-type":"","overlay-color":"","overlay-opacity":"","overlay-gradient":""},"mobile":{"background-color":"","background-image":"","background-repeat":"repeat","background-position":"center center","background-size":"auto","background-attachment":"scroll","background-type":"","background-media":"","overlay-type":"","overlay-color":"","overlay-opacity":"","overlay-gradient":""}},"ast-content-background-meta":{"desktop":{"background-color":"var(--ast-global-color-5)","background-image":"","background-repeat":"repeat","background-position":"center center","background-size":"auto","background-attachment":"scroll","background-type":"","background-media":"","overlay-type":"","overlay-color":"","overlay-opacity":"","overlay-gradient":""},"tablet":{"background-color":"var(--ast-global-color-5)","background-image":"","background-repeat":"repeat","background-position":"center center","background-size":"auto","background-attachment":"scroll","background-type":"","background-media":"","overlay-type":"","overlay-color":"","overlay-opacity":"","overlay-gradient":""},"mobile":{"background-color":"var(--ast-global-color-5)","background-image":"","background-repeat":"repeat","background-position":"center center","background-size":"auto","background-attachment":"scroll","background-type":"","background-media":"","overlay-type":"","overlay-color":"","overlay-opacity":"","overlay-gradient":""}},"footnotes":""},"aioseo_notices":[],"_links":{"self":[{"href":"https:\/\/terremonde.org\/index.php?rest_route=\/wp\/v2\/pages\/1283"}],"collection":[{"href":"https:\/\/terremonde.org\/index.php?rest_route=\/wp\/v2\/pages"}],"about":[{"href":"https:\/\/terremonde.org\/index.php?rest_route=\/wp\/v2\/types\/page"}],"author":[{"embeddable":true,"href":"https:\/\/terremonde.org\/index.php?rest_route=\/wp\/v2\/users\/1"}],"replies":[{"embeddable":true,"href":"https:\/\/terremonde.org\/index.php?rest_route=%2Fwp%2Fv2%2Fcomments&post=1283"}],"version-history":[{"count":1,"href":"https:\/\/terremonde.org\/index.php?rest_route=\/wp\/v2\/pages\/1283\/revisions"}],"predecessor-version":[{"id":1284,"href":"https:\/\/terremonde.org\/index.php?rest_route=\/wp\/v2\/pages\/1283\/revisions\/1284"}],"wp:attachment":[{"href":"https:\/\/terremonde.org\/index.php?rest_route=%2Fwp%2Fv2%2Fmedia&parent=1283"}],"curies":[{"name":"wp","href":"https:\/\/api.w.org\/{rel}","templated":true}]}}