{"id":1478,"date":"2022-08-28T13:42:53","date_gmt":"2022-08-28T13:42:53","guid":{"rendered":"https:\/\/terremonde.org\/?page_id=1478"},"modified":"2024-05-05T13:35:34","modified_gmt":"2024-05-05T13:35:34","slug":"erwan-molinie","status":"publish","type":"page","link":"https:\/\/terremonde.org\/?page_id=1478","title":{"rendered":"Erwan Molini\u00e9"},"content":{"rendered":"\n<p>Doctorant en sociologie \u00e0 l&#8217;universit\u00e9 Paris 7 Diderot. Mes recherches portent sur les liens entre in\u00e9galit\u00e9s et environnement\/\u00e9cologie \u00e0 diff\u00e9rentes \u00e9chelles(locale, nationale, globale).\u00a0 Je travaille actuellement sur les repr\u00e9sentations li\u00e9es \u00e0 l\u2019utilisation des pesticides dans les champs de canne \u00e0 sucre \u00e0 l\u2019\u00eele de la R\u00e9union.<\/p>\n","protected":false},"excerpt":{"rendered":"<p>Doctorant en sociologie \u00e0 l&#8217;universit\u00e9 Paris 7 Diderot. Mes recherches portent sur les liens entre in\u00e9galit\u00e9s et environnement\/\u00e9cologie \u00e0 diff\u00e9rentes \u00e9chelles(locale, nationale, globale).\u00a0 Je travaille actuellement sur les repr\u00e9sentations li\u00e9es \u00e0 l\u2019utilisation des pesticides dans les champs de canne \u00e0 sucre \u00e0 l\u2019\u00eele de la R\u00e9union.<\/p>\n","protected":false},"author":1,"featured_media":0,"parent":0,"menu_order":0,"comment_status":"closed","ping_status":"closed","template":"","meta":{"om_disable_all_campaigns":false,"_monsterinsights_skip_tracking":false,"_monsterinsights_sitenote_active":false,"_monsterinsights_sitenote_note":"","_monsterinsights_sitenote_category":0,"site-sidebar-layout":"default","site-content-layout":"","ast-site-content-layout":"","site-content-style":"default","site-sidebar-style":"default","ast-global-header-display":"","ast-banner-title-visibility":"","ast-main-header-display":"","ast-hfb-above-header-display":"","ast-hfb-below-header-display":"","ast-hfb-mobile-header-display":"","site-post-title":"","ast-breadcrumbs-content":"","ast-featured-img":"","footer-sml-layout":"","theme-transparent-header-meta":"","adv-header-id-meta":"","stick-header-meta":"","header-above-stick-meta":"","header-main-stick-meta":"","header-below-stick-meta":"","astra-migrate-meta-layouts":"default","ast-page-background-enabled":"default","ast-page-background-meta":{"desktop":{"background-color":"var(--ast-global-color-4)","background-image":"","background-repeat":"repeat","background-position":"center center","background-size":"auto","background-attachment":"scroll","background-type":"","background-media":"","overlay-type":"","overlay-color":"","overlay-opacity":"","overlay-gradient":""},"tablet":{"background-color":"","background-image":"","background-repeat":"repeat","background-position":"center center","background-size":"auto","background-attachment":"scroll","background-type":"","background-media":"","overlay-type":"","overlay-color":"","overlay-opacity":"","overlay-gradient":""},"mobile":{"background-color":"","background-image":"","background-repeat":"repeat","background-position":"center center","background-size":"auto","background-attachment":"scroll","background-type":"","background-media":"","overlay-type":"","overlay-color":"","overlay-opacity":"","overlay-gradient":""}},"ast-content-background-meta":{"desktop":{"background-color":"var(--ast-global-color-5)","background-image":"","background-repeat":"repeat","background-position":"center center","background-size":"auto","background-attachment":"scroll","background-type":"","background-media":"","overlay-type":"","overlay-color":"","overlay-opacity":"","overlay-gradient":""},"tablet":{"background-color":"var(--ast-global-color-5)","background-image":"","background-repeat":"repeat","background-position":"center center","background-size":"auto","background-attachment":"scroll","background-type":"","background-media":"","overlay-type":"","overlay-color":"","overlay-opacity":"","overlay-gradient":""},"mobile":{"background-color":"var(--ast-global-color-5)","background-image":"","background-repeat":"repeat","background-position":"center center","background-size":"auto","background-attachment":"scroll","background-type":"","background-media":"","overlay-type":"","overlay-color":"","overlay-opacity":"","overlay-gradient":""}},"footnotes":""},"aioseo_notices":[],"_links":{"self":[{"href":"https:\/\/terremonde.org\/index.php?rest_route=\/wp\/v2\/pages\/1478"}],"collection":[{"href":"https:\/\/terremonde.org\/index.php?rest_route=\/wp\/v2\/pages"}],"about":[{"href":"https:\/\/terremonde.org\/index.php?rest_route=\/wp\/v2\/types\/page"}],"author":[{"embeddable":true,"href":"https:\/\/terremonde.org\/index.php?rest_route=\/wp\/v2\/users\/1"}],"replies":[{"embeddable":true,"href":"https:\/\/terremonde.org\/index.php?rest_route=%2Fwp%2Fv2%2Fcomments&post=1478"}],"version-history":[{"count":1,"href":"https:\/\/terremonde.org\/index.php?rest_route=\/wp\/v2\/pages\/1478\/revisions"}],"predecessor-version":[{"id":1479,"href":"https:\/\/terremonde.org\/index.php?rest_route=\/wp\/v2\/pages\/1478\/revisions\/1479"}],"wp:attachment":[{"href":"https:\/\/terremonde.org\/index.php?rest_route=%2Fwp%2Fv2%2Fmedia&parent=1478"}],"curies":[{"name":"wp","href":"https:\/\/api.w.org\/{rel}","templated":true}]}}